t is -21001210200 - -1201?
-21001201222
In base 7, what is 105 + -10011221?
-10011113
In base 16, what is 1b339 - 5?
1b334
In base 7, what is -202 + -254134?
-254336
In base 7, what is 0 + 32025523?
32025523
In base 15, what is 29c6 + 2360?
4d36
In base 15, what is 0 - -13598ae4?
13598ae4
In base 16, what is 153 + -c3bf?
-c26c
In base 2, what is 1100100111000001111110001 - -1?
1100100111000001111110010
In base 3, what is 221221102102 - 1012?
221221101020
In base 4, what is 1 + 1331011212223?
1331011212230
In base 15, what is -5 + -27e4a?
-27e50
In base 14, what is 88645a - -34?
886490
In base 11, what is 20377659 - -5?
20377663
In base 6, what is 1442041051 - -5?
1442041100
In base 12, what is -b + 189410?
189401
In base 16, what is -27aa4 + -7b1?
-28255
In base 8, what is -2604103 + 1147?
-2602734
In base 14, what is 11d + -2c836?
-2c717
In base 8, what is -16657532 - 3?
-16657535
In base 14, what is -270 + -a302?
-a572
In base 4, what is -202210110 + -1?
-202210111
In base 12, what is 94a606 - 1?
94a605
In base 14, what is -4 + 801a2?
8019c
In base 11, what is 4a965 - 5a52?
44a13
In base 13, what is -2 - 17a1206?
-17a1208
In base 6, what is -32 + -34152054?
-34152130
In base 2, what is 101 + -1011000111100111001110011?
-1011000111100111001101110
In base 5, what is 14001 + -202404?
-133403
In base 2, what is 1110010 - 1011100000001111?
-1011011110011101
In base 7, what is -365 - 41005623?
-41006321
In base 3, what is 1 - -11010001020002?
11010001020010
In base 16, what is -34a96 + -6ff?
-35195
In base 4, what is -1 + 32313101033?
32313101032
In base 6, what is -4104112 - -40?
-4104032
In base 13, what is -c34680 - 6?
-c34686
In base 7, what is -230 + -23?
-253
In base 14, what is 1 - -25d7a4?
25d7a5
In base 4, what is -2310322130 + -30311?
-2311013101
In base 8, what is 0 + 34750240?
34750240
In base 10, what is -4285 - -116491?
112206
In base 16, what is 54 + 1677e1?
167835
In base 5, what is -12212322 - 213?
-12213040
In base 11, what is -16 - -1996732?
1996717
In base 14, what is 1 + 9926a?
9926b
In base 5, what is 43 - 1110432141?
-1110432043
In base 5, what is 10 - 131240041440?
-131240041430
In base 12, what is -138439 + 235?
-138204
In base 6, what is 300002201 - 213?
300001544
In base 13, what is -3943a0 - -5?
-394398
In base 7, what is -112562221 + 14?
-112562204
In base 14, what is -16721a33 + -2?
-16721a35
In base 14, what is 1010d4a - -1?
1010d4b
In base 7, what is -13150606 - 22?
-13150631
In base 9, what is 0 - -18384215?
18384215
In base 13, what is -20a + -2019?
-2226
In base 10, what is -41491 + 9814?
-31677
In base 3, what is -12212122 - 112222?
-20102121
In base 13, what is -203 - 8516?
-8719
In base 5, what is 1230400 + -3124?
1222221
In base 10, what is -3450 - -2880?
-570
In base 12, what is 55a11022 - -3?
55a11025
In base 12, what is -2b + -1310192?
-1310201
In base 5, what is 13323001200 - -11?
13323001211
In base 10, what is 6952 - 3290?
3662
In base 3, what is -21112 - 10210011202?
-10210110021
In base 8, what is 506512 + 232?
506744
In base 3, what is 2211011212001 - 121?
2211011211110
In base 2, what is 1011001100010 + 10011111?
1011100000001
In base 5, what is 4221012242410 - 2?
4221012242403
In base 11, what is -238 - 282891?
-283019
In base 12, what is 1 + -29a871b3?
-29a871b2
In base 11, what is -286 - -13012?
12837
In base 8, what is -65 + 31457375?
31457310
In base 15, what is 61 + 927a17?
927a78
In base 3, what is 210112002011100 + -2?
210112002011021
In base 6, what is -355 + -1234401?
-1235200
In base 13, what is 10 + ca67a?
ca68a
In base 15, what is -197 + 28dc0?
28c28
In base 4, what is 11210 + 3113012022?
3113023232
In base 8, what is 1745755 + -35?
1745720
In base 3, what is 11 + -21222210211012022?
-21222210211012011
In base 14, what is -15b2 + -618?
-1bca
In base 5, what is 4 + 1132040333?
1132040342
In base 4, what is 11 + -30303121331?
-30303121320
In base 11, what is 15068372 + -2?
15068370
In base 9, what is 6242 - 31856?
-24614
In base 4, what is 1012020 - 23202232?
-22130212
In base 5, what is 2112120230124 - 10?
2112120230114
In base 15, what is 5d481 - -2c5?
5d756
In base 2, what is 11100 - -10010100101101001011111?
10010100101101001111011
In base 11, what is -3a6 - -802108?
801812
In base 5, what is -1431 - 14342331?
-14344312
In base 2, what is 1101 - -11111101000111100100110?
11111101000111100110011
In base 14, what is 471c884 - -3?
471c887
In base 4, what is 132030000 + -1331?
132022003
In base 2, what is 10101101011101111110 - 11011001?
10101101011010100101
In base 6, what is 5 + 43115045?
43115054
In base 14, what is 3 - 941b2?
-941ad
In base 8, what is -2 + -2531321127?
-2531321131
In base 9, what is -72033 + 1652?
-70271
In base 12, what is -3 + -5534996?
-5534999
In base 5, what is -32302 - 2113122?
-2200424
In base 6, what is -14 + 1151544244?
1151544230
In base 7, what is -310404 + 4354?
-303020
In base 14, what is 26653b22 - -2?
26653b24
In base 16, what is -13b495 - 3?
-13b498
In base 16, what is -7202f56 - -3?
-7202f53
In base 5, what is 442332012440 + 3?
442332012443
In base 4, what is 2023103000 - 2203?
2023100131
In base 14, what is -3 - -7c4a84?
7c4a81
In base 10, what is -1921898 + 73?
-1921825
In base 6, what is -122302515 - -224?
-122302251
In base 11, what is 24483091 + -3?
24483089
In base 11, what is -2a511a - 29?
-2a5148
In base 13, what is 3922686 - -6?
392268c
In base 16, what is -166a - -1c34?
5ca
In base 10, what is 509542 + -21?
509521
In base 4, what is 302033302 + 1013?
302100321
In base 6, what is -1 + -2525501434?
-2525501435
In base 11, what is -4a29685 + 5?
-4a29680
In base 6, what is -13 + 151212004?
151211551
In base 9, what is 35 + 234617?
234653
In base 13, what is 22c4b80 + 4?
22c4b84
In base 14, what is -11 - d8203?
-d8214
In base 8, what is 70345103 - -2?
70345105
In base 13, what is -1038048 + -7?
-1038052
In base 5, what is -112 + -11232243132?
-11232243244
In base 4, what is -10222 + 1101003302?
1100333020
In base 4, what is 2330033 + -112032213?
-103102120
In base 11, what is 7 - 44413877?
-44413870
In base 7, what is -11512150 + -21?
-11512201
In base 11, what is -74 - -604a7?
60433
In base 5, what is 0 - 10424444343?
-10424444343
In base 9, what is -403238 + 4?
-403234
In base 9, what is 835 - -66106?
67042
In base 5, what is 44 - -1310041?
1310140
In base 10, what is -317329922 - 3?
-317329925
In base 8, what is -4640 + 141615?
134755
In base 10, what is 64628 - -1105?
65733
In base 10, what is 150339 - 109?
150230
In base 13, what is 5 + -92107?
-92102
In base 9, what is -3 + -141038264?
-141038267
In base 13, what is 255cca - -177?
256174
In base 16, what is 992e5 - -25?
9930a
In base 12, what is 17285 - -91b?
17ba4
In base 15, what is 8b3a - -19ae?
a5e9
In base 5, what is -303 + -31414342?
-31420200
In base 11, what is -45303 - -76a?
-44644
In base 5, what is -10 + -130302424333?
-130302424343
In base 14, what is 7a + -1c50a?
-1c470
In base 6, what is -24223420050 + -4?
-24223420054
In base 9, what is -8401 + 346?
-8044
In base 16, what is -87f612 - -7?
-87f60b
In base 2, what is -101111111010100110 + 10011000?
-101111111000001110
In base 16, what is -804 + 243ff?
23bfb
In base 5, what is -14 + 201000023431?
201000023412
In base 16, what is 1635 + -2d9e?
-1769
In base 4, what is -11 - 101102002323?
-101102003000
In base 8, what is 1 - -11261407?
11261410
In base 10, what is 54074133 - 2?
54074131
In base 14, what is 83 - -174744?
1747c7
In base 10, what is 1935 - 13830?
-11895
In base 5, what is 131144144242 + 33?
131144144330
In base 2, what is -1101 - 11110101001110000011?
-11110101001110010000
In base 3, what is 20 + 2012020202011?
2012020202101
In base 16, what is -4 + 39ed5?
39ed1
In base 8, what is -2322240200 - 0?
-2322240200
In base 14, what is 634ab3 + -2?
634ab1
In base 4, what is -213002332330231 + 1?
-213002332330230
In base 10, what is 409 + 9597?
10006
In base 16, what is -c52 + 3ac86?
3a034
In base 4, what is -1 - 1031033231321?
-1031033231322
In base 4, what is -300 + -3200132?
-3201032
In base 13, what is 253709 - 12?
2536c7
In base 12, what is -2ba45b2 + 5?
-2ba45a9
In base 13, what is -32 - 2158a2?
-215904
In base 3, what is 201210 - -21100201111?
21101110021
In base 10, what is 428 - -593983?
594411
In base 11, what